{"id":18,"date":"2024-10-27T17:50:41","date_gmt":"2024-10-27T17:50:41","guid":{"rendered":"https:\/\/itscasano.com\/?page_id=18"},"modified":"2024-11-06T13:06:59","modified_gmt":"2024-11-06T13:06:59","slug":"guides","status":"publish","type":"page","link":"https:\/\/itscasano.com\/?page_id=18","title":{"rendered":"Guides"},"content":{"rendered":"\n<div class=\"wp-block-uagb-separator uagb-block-15fad937\"><div class=\"uagb-separator-spacing-wrapper\"><div class=\"wp-block-uagb-separator__inner\" style=\"--my-background-image:\"><\/div><\/div><\/div>\n\n\n\n\t\t\t<div class=\"wp-block-uagb-post-grid uagb-post-grid  uagb-post__image-position-top uagb-post__image-enabled uagb-block-9dbfe263     uagb-post__items uagb-post__columns-3 is-grid uagb-post__columns-tablet-2 uagb-post__columns-mobile-1 uagb-post__equal-height\" data-total=\"5\" style=\"\">\n\n\t\t\t\t\t\t\t\t\t\t\t\t<article class=\"uagb-post__inner-wrap\">\t\t\t\t\t\t\t\t<div class='uagb-post__image'>\n\t\t\t\t\t\t\t\t\t<a href=\"https:\/\/itscasano.com\/?p=331&#038;lang=fr\" target=\"_self\" rel=\"bookmark noopener noreferrer\" class='uagb-image-ratio-inherit'><img loading=\"lazy\" decoding=\"async\" width=\"572\" height=\"310\" src=\"https:\/\/itscasano.com\/wp-content\/uploads\/2024\/11\/what-to-expect.png\" class=\"attachment-large size-large\" alt=\"\" srcset=\"https:\/\/itscasano.com\/wp-content\/uploads\/2024\/11\/what-to-expect.png 572w, https:\/\/itscasano.com\/wp-content\/uploads\/2024\/11\/what-to-expect-300x163.png 300w\" sizes=\"auto, (max-width: 572px) 100vw, 572px\" \/>\t\t\t\t\t<\/a>\n\t\t\t\t\t\t\t<\/div>\n\t\t\t\t\t\t<h4 class=\"uagb-post__title uagb-post__text\">\n\t\t\t\t<a href=\"https:\/\/itscasano.com\/?p=331&#038;lang=fr\" target=\"_self\" rel=\"bookmark noopener noreferrer\">\u00c0 quoi s&#8217;attendre en rejoignant un casino<\/a>\n\t\t\t<\/h4>\n\t\t\t\t\t\t<div class='uagb-post__text uagb-post-grid-byline'>\n\t\t\t\t\t\t\t<\/div>\n\t\t\t\t\t\t\t<div class='uagb-post__text uagb-post__excerpt'>\n\t\t\t\t\tLorsque vous rejoignez un casino en ligne, voici ce \u00e0 quoi vous pouvez g\u00e9n\u00e9ralement vous attendre en termes de fonctionnalit\u00e9s, de mise en page et d&#8217;exp\u00e9rience globale \t\t\t\t<\/div>\n\t\t\t\t\t\t<div class=\"uagb-post__text uagb-post__cta wp-block-button\">\n\t\t\t\t<a class=\"wp-block-button__link uagb-text-link\" style=\"\" href=\"https:\/\/itscasano.com\/?p=331&#038;lang=fr\" target=\"_self\" rel=\"bookmark noopener noreferrer\">Read More<\/a>\n\t\t\t<\/div>\n\t\t\t\n\t\t\t\t\t\t\t\t\t<\/article>\n\t\t\t\t\t\t\t\t\t\t\t\t\t\t\t\t<article class=\"uagb-post__inner-wrap\">\t\t\t\t\t\t\t\t<div class='uagb-post__image'>\n\t\t\t\t\t\t\t\t\t<a href=\"https:\/\/itscasano.com\/?p=330&#038;lang=fr\" target=\"_self\" rel=\"bookmark noopener noreferrer\" class='uagb-image-ratio-inherit'><img loading=\"lazy\" decoding=\"async\" width=\"572\" height=\"310\" src=\"https:\/\/itscasano.com\/wp-content\/uploads\/2024\/11\/choosing-online-casino.png\" class=\"attachment-large size-large\" alt=\"\" srcset=\"https:\/\/itscasano.com\/wp-content\/uploads\/2024\/11\/choosing-online-casino.png 572w, https:\/\/itscasano.com\/wp-content\/uploads\/2024\/11\/choosing-online-casino-300x163.png 300w\" sizes=\"auto, (max-width: 572px) 100vw, 572px\" \/>\t\t\t\t\t<\/a>\n\t\t\t\t\t\t\t<\/div>\n\t\t\t\t\t\t<h4 class=\"uagb-post__title uagb-post__text\">\n\t\t\t\t<a href=\"https:\/\/itscasano.com\/?p=330&#038;lang=fr\" target=\"_self\" rel=\"bookmark noopener noreferrer\">Comment Choisir le Bon Casino en Ligne<\/a>\n\t\t\t<\/h4>\n\t\t\t\t\t\t<div class='uagb-post__text uagb-post-grid-byline'>\n\t\t\t\t\t\t\t<\/div>\n\t\t\t\t\t\t\t<div class='uagb-post__text uagb-post__excerpt'>\n\t\t\t\t\tChoisir le bon casino en ligne est essentiel pour une exp\u00e9rience de jeu s\u00fbre, agr\u00e9able et enrichissante. Voici les principaux facteurs \u00e0 prendre en compte lors du choix d&#8217;un casino qui r\u00e9pond \u00e0 vos besoins\t\t\t\t<\/div>\n\t\t\t\t\t\t<div class=\"uagb-post__text uagb-post__cta wp-block-button\">\n\t\t\t\t<a class=\"wp-block-button__link uagb-text-link\" style=\"\" href=\"https:\/\/itscasano.com\/?p=330&#038;lang=fr\" target=\"_self\" rel=\"bookmark noopener noreferrer\">Read More<\/a>\n\t\t\t<\/div>\n\t\t\t\n\t\t\t\t\t\t\t\t\t<\/article>\n\t\t\t\t\t\t\t\t\t\t\t\t\t\t\t\t<article class=\"uagb-post__inner-wrap\">\t\t\t\t\t\t\t\t<div class='uagb-post__image'>\n\t\t\t\t\t\t\t\t\t<a href=\"https:\/\/itscasano.com\/?p=329&#038;lang=fr\" target=\"_self\" rel=\"bookmark noopener noreferrer\" class='uagb-image-ratio-inherit'><img loading=\"lazy\" decoding=\"async\" width=\"572\" height=\"310\" src=\"https:\/\/itscasano.com\/wp-content\/uploads\/2024\/11\/understanding-online.png\" class=\"attachment-large size-large\" alt=\"\" srcset=\"https:\/\/itscasano.com\/wp-content\/uploads\/2024\/11\/understanding-online.png 572w, https:\/\/itscasano.com\/wp-content\/uploads\/2024\/11\/understanding-online-300x163.png 300w\" sizes=\"auto, (max-width: 572px) 100vw, 572px\" \/>\t\t\t\t\t<\/a>\n\t\t\t\t\t\t\t<\/div>\n\t\t\t\t\t\t<h4 class=\"uagb-post__title uagb-post__text\">\n\t\t\t\t<a href=\"https:\/\/itscasano.com\/?p=329&#038;lang=fr\" target=\"_self\" rel=\"bookmark noopener noreferrer\">Comprendre les Machines \u00e0 Sous en Ligne<\/a>\n\t\t\t<\/h4>\n\t\t\t\t\t\t<div class='uagb-post__text uagb-post-grid-byline'>\n\t\t\t\t\t\t\t<\/div>\n\t\t\t\t\t\t\t<div class='uagb-post__text uagb-post__excerpt'>\n\t\t\t\t\tLes machines \u00e0 sous en ligne sont parmi les jeux de casino les plus populaires en raison de leur simplicit\u00e9, de leurs th\u00e8mes vari\u00e9s et de leurs fonctionnalit\u00e9s captivantes. Voici un guide pour comprendre les \u00e9l\u00e9ments&#8230;\t\t\t\t<\/div>\n\t\t\t\t\t\t<div class=\"uagb-post__text uagb-post__cta wp-block-button\">\n\t\t\t\t<a class=\"wp-block-button__link uagb-text-link\" style=\"\" href=\"https:\/\/itscasano.com\/?p=329&#038;lang=fr\" target=\"_self\" rel=\"bookmark noopener noreferrer\">Read More<\/a>\n\t\t\t<\/div>\n\t\t\t\n\t\t\t\t\t\t\t\t\t<\/article>\n\t\t\t\t\t\t\t\t\t\t\t\t\t\t\t\t<article class=\"uagb-post__inner-wrap\">\t\t\t\t\t\t\t\t<div class='uagb-post__image'>\n\t\t\t\t\t\t\t\t\t<a href=\"https:\/\/itscasano.com\/?p=328&#038;lang=fr\" target=\"_self\" rel=\"bookmark noopener noreferrer\" class='uagb-image-ratio-inherit'><img loading=\"lazy\" decoding=\"async\" width=\"572\" height=\"310\" src=\"https:\/\/itscasano.com\/wp-content\/uploads\/2024\/11\/live-casino.png\" class=\"attachment-large size-large\" alt=\"\" srcset=\"https:\/\/itscasano.com\/wp-content\/uploads\/2024\/11\/live-casino.png 572w, https:\/\/itscasano.com\/wp-content\/uploads\/2024\/11\/live-casino-300x163.png 300w\" sizes=\"auto, (max-width: 572px) 100vw, 572px\" \/>\t\t\t\t\t<\/a>\n\t\t\t\t\t\t\t<\/div>\n\t\t\t\t\t\t<h4 class=\"uagb-post__title uagb-post__text\">\n\t\t\t\t<a href=\"https:\/\/itscasano.com\/?p=328&#038;lang=fr\" target=\"_self\" rel=\"bookmark noopener noreferrer\">Apportez le Casino en Direct dans le Confort de Votre Maison<\/a>\n\t\t\t<\/h4>\n\t\t\t\t\t\t<div class='uagb-post__text uagb-post-grid-byline'>\n\t\t\t\t\t\t\t<\/div>\n\t\t\t\t\t\t\t<div class='uagb-post__text uagb-post__excerpt'>\n\t\t\t\t\tLes casinos en direct apportent l&#8217;atmosph\u00e8re d&#8217;un casino physique directement sur votre appareil. Ils offrent une exp\u00e9rience plus interactive par rapport aux jeux de casino en ligne classiques, permettant aux joueurs d&#8217;interagir avec des croupiers en&#8230;\t\t\t\t<\/div>\n\t\t\t\t\t\t<div class=\"uagb-post__text uagb-post__cta wp-block-button\">\n\t\t\t\t<a class=\"wp-block-button__link uagb-text-link\" style=\"\" href=\"https:\/\/itscasano.com\/?p=328&#038;lang=fr\" target=\"_self\" rel=\"bookmark noopener noreferrer\">Read More<\/a>\n\t\t\t<\/div>\n\t\t\t\n\t\t\t\t\t\t\t\t\t<\/article>\n\t\t\t\t\t\t\t\t\t\t\t\t\t\t\t\t<article class=\"uagb-post__inner-wrap\">\t\t\t\t\t\t\t\t<div class='uagb-post__image'>\n\t\t\t\t\t\t\t\t\t<a href=\"https:\/\/itscasano.com\/?p=327&#038;lang=fr\" target=\"_self\" rel=\"bookmark noopener noreferrer\" class='uagb-image-ratio-inherit'><img loading=\"lazy\" decoding=\"async\" width=\"572\" height=\"310\" src=\"https:\/\/itscasano.com\/wp-content\/uploads\/2024\/11\/casino-bonuses.png\" class=\"attachment-large size-large\" alt=\"\" srcset=\"https:\/\/itscasano.com\/wp-content\/uploads\/2024\/11\/casino-bonuses.png 572w, https:\/\/itscasano.com\/wp-content\/uploads\/2024\/11\/casino-bonuses-300x163.png 300w\" sizes=\"auto, (max-width: 572px) 100vw, 572px\" \/>\t\t\t\t\t<\/a>\n\t\t\t\t\t\t\t<\/div>\n\t\t\t\t\t\t<h4 class=\"uagb-post__title uagb-post__text\">\n\t\t\t\t<a href=\"https:\/\/itscasano.com\/?p=327&#038;lang=fr\" target=\"_self\" rel=\"bookmark noopener noreferrer\">Les Bonus et Comment Choisir le Meilleur Bonus pour Vous !<\/a>\n\t\t\t<\/h4>\n\t\t\t\t\t\t<div class='uagb-post__text uagb-post-grid-byline'>\n\t\t\t\t\t\t\t<\/div>\n\t\t\t\t\t\t\t<div class='uagb-post__text uagb-post__excerpt'>\n\t\t\t\t\tLes casinos en ligne offrent une vari\u00e9t\u00e9 de bonus pour attirer de nouveaux joueurs et fid\u00e9liser les habitu\u00e9s. Bien choisir un bonus peut maximiser vos chances de gagner et prolonger votre exp\u00e9rience de jeu. Voici un&#8230;\t\t\t\t<\/div>\n\t\t\t\t\t\t<div class=\"uagb-post__text uagb-post__cta wp-block-button\">\n\t\t\t\t<a class=\"wp-block-button__link uagb-text-link\" style=\"\" href=\"https:\/\/itscasano.com\/?p=327&#038;lang=fr\" target=\"_self\" rel=\"bookmark noopener noreferrer\">Read More<\/a>\n\t\t\t<\/div>\n\t\t\t\n\t\t\t\t\t\t\t\t\t<\/article>\n\t\t\t\t\t\t\t\t\t\t\t\t\t\t\t\t<article class=\"uagb-post__inner-wrap\">\t\t\t\t\t\t\t\t<div class='uagb-post__image'>\n\t\t\t\t\t\t\t\t\t<a href=\"https:\/\/itscasano.com\/?p=326&#038;lang=fr\" target=\"_self\" rel=\"bookmark noopener noreferrer\" class='uagb-image-ratio-inherit'><img loading=\"lazy\" decoding=\"async\" width=\"572\" height=\"310\" src=\"https:\/\/itscasano.com\/wp-content\/uploads\/2024\/11\/jackpot-1.png\" class=\"attachment-large size-large\" alt=\"\" srcset=\"https:\/\/itscasano.com\/wp-content\/uploads\/2024\/11\/jackpot-1.png 572w, https:\/\/itscasano.com\/wp-content\/uploads\/2024\/11\/jackpot-1-300x163.png 300w\" sizes=\"auto, (max-width: 572px) 100vw, 572px\" \/>\t\t\t\t\t<\/a>\n\t\t\t\t\t\t\t<\/div>\n\t\t\t\t\t\t<h4 class=\"uagb-post__title uagb-post__text\">\n\t\t\t\t<a href=\"https:\/\/itscasano.com\/?p=326&#038;lang=fr\" target=\"_self\" rel=\"bookmark noopener noreferrer\">Tentez votre Chance sur les Jackpots. D\u00e9couvrez comment ils Fonctionnent !<\/a>\n\t\t\t<\/h4>\n\t\t\t\t\t\t<div class='uagb-post__text uagb-post-grid-byline'>\n\t\t\t\t\t\t\t<\/div>\n\t\t\t\t\t\t\t<div class='uagb-post__text uagb-post__excerpt'>\n\t\t\t\t\tLes jackpots sont l&#8217;une des caract\u00e9ristiques les plus excitantes des casinos en ligne, offrant la possibilit\u00e9 de gagner des sommes d&#8217;argent cons\u00e9quentes en un seul tour. Voici un guide pour mieux comprendre les jackpots et maximiser&#8230;\t\t\t\t<\/div>\n\t\t\t\t\t\t<div class=\"uagb-post__text uagb-post__cta wp-block-button\">\n\t\t\t\t<a class=\"wp-block-button__link uagb-text-link\" style=\"\" href=\"https:\/\/itscasano.com\/?p=326&#038;lang=fr\" target=\"_self\" rel=\"bookmark noopener noreferrer\">Read More<\/a>\n\t\t\t<\/div>\n\t\t\t\n\t\t\t\t\t\t\t\t\t<\/article>\n\t\t\t\t\t\t\t\t\t\t\t<\/div>\n\t\t\t\n\n\n<div class=\"wp-block-uagb-separator uagb-block-c4cc54da\"><div class=\"uagb-separator-spacing-wrapper\"><div class=\"wp-block-uagb-separator__inner\" style=\"--my-background-image:\"><\/div><\/div><\/div>\n","protected":false},"excerpt":{"rendered":"","protected":false},"author":1,"featured_media":0,"parent":0,"menu_order":0,"comment_status":"closed","ping_status":"closed","template":"","meta":{"_uag_custom_page_level_css":"","site-sidebar-layout":"default","site-content-layout":"","ast-site-content-layout":"","site-content-style":"default","site-sidebar-style":"default","ast-global-header-display":"","ast-banner-title-visibility":"","ast-main-header-display":"","ast-hfb-above-header-display":"","ast-hfb-below-header-display":"","ast-hfb-mobile-header-display":"","site-post-title":"","ast-breadcrumbs-content":"","ast-featured-img":"","footer-sml-layout":"","theme-transparent-header-meta":"","adv-header-id-meta":"","stick-header-meta":"","header-above-stick-meta":"","header-main-stick-meta":"","header-below-stick-meta":"","astra-migrate-meta-layouts":"default","ast-page-background-enabled":"default","ast-page-background-meta":{"desktop":{"background-color":"var(--ast-global-color-4)","background-image":"","background-repeat":"repeat","background-position":"center center","background-size":"auto","background-attachment":"scroll","background-type":"","background-media":"","overlay-type":"","overlay-color":"","overlay-opacity":"","overlay-gradient":""},"tablet":{"background-color":"","background-image":"","background-repeat":"repeat","background-position":"center center","background-size":"auto","background-attachment":"scroll","background-type":"","background-media":"","overlay-type":"","overlay-color":"","overlay-opacity":"","overlay-gradient":""},"mobile":{"background-color":"","background-image":"","background-repeat":"repeat","background-position":"center center","background-size":"auto","background-attachment":"scroll","background-type":"","background-media":"","overlay-type":"","overlay-color":"","overlay-opacity":"","overlay-gradient":""}},"ast-content-background-meta":{"desktop":{"background-color":"var(--ast-global-color-5)","background-image":"","background-repeat":"repeat","background-position":"center center","background-size":"auto","background-attachment":"scroll","background-type":"","background-media":"","overlay-type":"","overlay-color":"","overlay-opacity":"","overlay-gradient":""},"tablet":{"background-color":"var(--ast-global-color-5)","background-image":"","background-repeat":"repeat","background-position":"center center","background-size":"auto","background-attachment":"scroll","background-type":"","background-media":"","overlay-type":"","overlay-color":"","overlay-opacity":"","overlay-gradient":""},"mobile":{"background-color":"var(--ast-global-color-5)","background-image":"","background-repeat":"repeat","background-position":"center center","background-size":"auto","background-attachment":"scroll","background-type":"","background-media":"","overlay-type":"","overlay-color":"","overlay-opacity":"","overlay-gradient":""}},"footnotes":""},"class_list":["post-18","page","type-page","status-publish","hentry"],"uagb_featured_image_src":{"full":false,"thumbnail":false,"medium":false,"medium_large":false,"large":false,"1536x1536":false,"2048x2048":false},"uagb_author_info":{"display_name":"admin","author_link":"https:\/\/itscasano.com\/?author=1"},"uagb_comment_info":0,"uagb_excerpt":null,"_links":{"self":[{"href":"https:\/\/itscasano.com\/index.php?rest_route=\/wp\/v2\/pages\/18","targetHints":{"allow":["GET"]}}],"collection":[{"href":"https:\/\/itscasano.com\/index.php?rest_route=\/wp\/v2\/pages"}],"about":[{"href":"https:\/\/itscasano.com\/index.php?rest_route=\/wp\/v2\/types\/page"}],"author":[{"embeddable":true,"href":"https:\/\/itscasano.com\/index.php?rest_route=\/wp\/v2\/users\/1"}],"replies":[{"embeddable":true,"href":"https:\/\/itscasano.com\/index.php?rest_route=%2Fwp%2Fv2%2Fcomments&post=18"}],"version-history":[{"count":2,"href":"https:\/\/itscasano.com\/index.php?rest_route=\/wp\/v2\/pages\/18\/revisions"}],"predecessor-version":[{"id":216,"href":"https:\/\/itscasano.com\/index.php?rest_route=\/wp\/v2\/pages\/18\/revisions\/216"}],"wp:attachment":[{"href":"https:\/\/itscasano.com\/index.php?rest_route=%2Fwp%2Fv2%2Fmedia&parent=18"}],"curies":[{"name":"wp","href":"https:\/\/api.w.org\/{rel}","templated":true}]}}